{"id":33,"date":"2021-09-23T03:28:10","date_gmt":"2021-09-23T03:28:10","guid":{"rendered":"https:\/\/demo.casethemes.net\/itfirm\/?page_id=33"},"modified":"2024-04-03T19:14:20","modified_gmt":"2024-04-03T19:14:20","slug":"about","status":"publish","type":"page","link":"https:\/\/german-resources-company.com\/?page_id=33","title":{"rendered":"\u00dcber uns"},"content":{"rendered":"<p><svg xmlns=\"http:\/\/www.w3.org\/2000\/svg\" xmlns:xlink=\"http:\/\/www.w3.org\/1999\/xlink\" width=\"33\" height=\"21\" viewBox=\"0 0 33 21\">\n                  <defs><\/p>\n<style>\n                      .h-cls-1, .h-cls-2 {\n                        fill: none;\n                        stroke-width: 3px;\n                        fill-rule: evenodd;\n                      }\n                      .h-cls-1 {\n                        filter: url(#filter);\n                      }\n                      .h-cls-2 {\n                        filter: url(#filter-2);\n                      }\n                    <\/style>\n<p>                    <filter id=\"left-h-filterct_heading-461d76b4\" x=\"-0.125\" y=\"-0.094\" width=\"32.406\" height=\"12\" filterUnits=\"userSpaceOnUse\">\n                      <feFlood result=\"flood\"\/>\n                      <feComposite result=\"composite\" operator=\"in\" in2=\"SourceGraphic\"\/>\n                      <feBlend result=\"blend\" in2=\"SourceGraphic\"\/>\n                    <\/filter>\n                    <filter id=\"left-h-filter-2ct_heading-461d76b4\" x=\"-10\" y=\"14.594\" width=\"29.656\" height=\"6.406\" filterUnits=\"userSpaceOnUse\">\n                      <feFlood result=\"flood\"\/>\n                      <feComposite result=\"composite\" operator=\"in\" in2=\"SourceGraphic\"\/>\n                      <feBlend result=\"blend\" in2=\"SourceGraphic\"\/>\n                    <\/filter>\n                    <linearGradient id=\"left-h-grad1ct_heading-461d76b4\" x1=\"0%\" y1=\"0%\" x2=\"100%\" y2=\"0%\">\n                      <stop offset=\"0%\" style=\"stop-color:#dd0000;stop-opacity:1\" \/>\n                      <stop offset=\"100%\" style=\"stop-color:#7f0202;stop-opacity:1\" \/>\n                    <\/linearGradient>\n                  <\/defs>\n                  <g>\n                    <g style=\"fill: none; filter: url(#left-h-filterct_heading-461d76b4)\">\n                      <path id=\"left-h-pathct_heading-461d76b4\" d=\"M-0.117,8.9H27.036s5.078-3.073,0-6.517\" style=\"stroke: inherit; filter: none;\"\/>\n                    <\/g>\n                    <use xlink:href=\"#left-h-pathct_heading-461d76b4\" style=\"stroke: url(#left-h-grad1ct_heading-461d76b4); filter: none; fill: none\"\/>\n                    <g style=\"fill: none; filter: url(#left-h-filter-2ct_heading-461d76b4)\">\n                      <path id=\"left-h-bgct_heading-461d76b4\" d=\"M-9.991,14.594H17.352s5.114,3.027,0,6.422\" style=\"stroke: inherit; filter: none;\"\/>\n                    <\/g>\n                    <use xlink:href=\"#left-h-bgct_heading-461d76b4\" style=\"stroke: url(#left-h-grad1ct_heading-461d76b4); filter: none; fill: none\"\/>\n                  <\/g>\n                <\/svg><br \/>\n                \u00dcber Uns<br \/>\n                            <svg xmlns=\"http:\/\/www.w3.org\/2000\/svg\" xmlns:xlink=\"http:\/\/www.w3.org\/1999\/xlink\" width=\"33\" height=\"21\" viewBox=\"0 0 33 21\">\n                  <defs><\/p>\n<style>\n                      .h-cls-1, .h-cls-2 {\n                        fill: none;\n                        stroke-width: 3px;\n                        fill-rule: evenodd;\n                      }\n                      .h-cls-1 {\n                        filter: url(#filter);\n                      }\n                      .h-cls-2 {\n                        filter: url(#filter-2);\n                      }\n                    <\/style>\n<p>                    <filter id=\"right-h-filterct_heading-461d76b4\" x=\"-0.125\" y=\"-0.094\" width=\"32.406\" height=\"12\" filterUnits=\"userSpaceOnUse\">\n                      <feFlood result=\"flood\"\/>\n                      <feComposite result=\"composite\" operator=\"in\" in2=\"SourceGraphic\"\/>\n                      <feBlend result=\"blend\" in2=\"SourceGraphic\"\/>\n                    <\/filter>\n                    <filter id=\"right-h-filter-2ct_heading-461d76b4\" x=\"-10\" y=\"14.594\" width=\"29.656\" height=\"6.406\" filterUnits=\"userSpaceOnUse\">\n                      <feFlood result=\"flood\"\/>\n                      <feComposite result=\"composite\" operator=\"in\" in2=\"SourceGraphic\"\/>\n                      <feBlend result=\"blend\" in2=\"SourceGraphic\"\/>\n                    <\/filter>\n                    <linearGradient id=\"right-h-grad1ct_heading-461d76b4\" x1=\"0%\" y1=\"0%\" x2=\"100%\" y2=\"0%\">\n                      <stop offset=\"0%\" style=\"stop-color:#dd0000;stop-opacity:1\" \/>\n                      <stop offset=\"100%\" style=\"stop-color:#7f0202;stop-opacity:1\" \/>\n                    <\/linearGradient>\n                  <\/defs>\n                  <g>\n                    <g style=\"fill: none; filter: url(#right-h-filterct_heading-461d76b4)\">\n                      <path id=\"right-h-pathct_heading-461d76b4\" d=\"M-0.117,8.9H27.036s5.078-3.073,0-6.517\" style=\"stroke: inherit; filter: none;\"\/>\n                    <\/g>\n                    <use xlink:href=\"#right-h-pathct_heading-461d76b4\" style=\"stroke: url(#right-h-grad1ct_heading-461d76b4); filter: none; fill: none\"\/>\n                    <g style=\"fill: none; filter: url(#right-h-filter-2ct_heading-461d76b4)\">\n                      <path id=\"right-h-bgct_heading-461d76b4\" d=\"M-9.991,14.594H17.352s5.114,3.027,0,6.422\" style=\"stroke: inherit; filter: none;\"\/>\n                    <\/g>\n                    <use xlink:href=\"#right-h-bgct_heading-461d76b4\" style=\"stroke: url(#right-h-grad1ct_heading-461d76b4); filter: none; fill: none\"\/>\n                  <\/g>\n                <\/svg><\/p>\n<h4 data-wow-delay=\"ms\">\n        GRC          <cite><br \/>\n            German-Resources-Company         <\/cite><br \/>\n         GmbH    <\/h4>\n<p>GRC German Resources Company GmbH ist ein Gewerbeunternehmen und wurde in Deutschland, in Frankfurt gegr\u00fcndet. Neben den j\u00e4hrlich stattfindenden Messen und Veranstaltungen, wie die Buchmesse, Frankfurter Automobilausstellung, die globale Konsumg\u00fcter- und Textilindustrie, usw. gilt Frankfurt am Main mit der Europ\u00e4ischen Zentralbank und anderen Beh\u00f6rden der Europ\u00e4ischen Union als Wirtschaftshauptstadt Deutschlands und auch als einer der vier Hauptst\u00e4dte der EU.<\/p>\n<p>Durch unsere ausgezeichnete Lage in Frankfurt haben wir eine partnerschaftliche Beziehung mit verschiedenen gewerblichen Einrichtungen und Institutionen im staatlichen und privaten Sektor auf deutscher, europ\u00e4ischer und globaler Ebene aufgebaut.<\/p>\n<p>                                                            Unsere Vision<br \/>\n                                                            Unser Ziel<br \/>\n                                                            Unsere Philosophie        <\/p>\n<p>Das Bindeglied zwischen den deutschen, europ\u00e4ischen und globalen M\u00e4rkten zu sein. Ein wesentliches Unterscheidungsmerkmal zur Bindung hoch ausgebildeter und qualifizierter Fachkr\u00e4fte an die Arbeitgeber und Einrichtungen in einer Weise zu sein, die die Interessen beider Parteien angemessen vertritt und den Prozess der menschlichen Entwicklung f\u00fcr alle Nutzer unserer Services optimal steuert.<\/p>\n<p>Wir wollen ein bevorzugter Partner sein: Unternehmertum mit all seinen verschiedenen Bereichen und Handels-, Marketing- und Logistikdienstleistungen f\u00fcr Unternehmen und Privatpersonen.<\/p>\n<p>Durch seine zahlreichen Dienstleistungen versucht unser Unternehmen, ein Netzwerk von Kan\u00e4len zu schaffen, die wiederum dazu beitragen, mehrere Dienstleistungen von hoher Qualit\u00e4t sowie bilaterale Vereinbarungen zwischen deutschen Unternehmen und vielen Unternehmen weltweit bereitzustellen.<\/p>\n<p>                    <a href=\"https:\/\/www.youtube.com\/channel\/UC3karsNFNxkYH4OoeBdU3Ag\"><br \/>\n                Schauen Sie sich unsere Aktivit\u00e4ten und Arbeiten auf YouTube an<br \/>\n            <\/a><br \/>\n\t\t\t\t<img fetchpriority=\"high\" decoding=\"async\" width=\"718\" height=\"1028\" src=\"https:\/\/german-resources-company.com\/wp-content\/uploads\/2024\/03\/Untitled-design.png\" alt=\"\" \/>\t\t\t<\/p>\n<h5>Besondere Leistungen<\/h5>\n<p>                                        2014<\/p>\n<h3>\n                                        Started business                                    <\/h3>\n<p>                                    We partner with you to enable your technology so you focus on your organization\u2019s mission leverage our talent.<br \/>\n                                        2018<\/p>\n<h3>\n                                        Survival during <br \/>wartime                                    <\/h3>\n<p>                                    A People Ops leader who is committed to the growth and development of leaders.<br \/>\n                                        2020<\/p>\n<h3>\n                                        Crisis and <br \/>opportunity                                    <\/h3>\n<p>                                    Our support works around the clock to ensure your work is secure and monitored safely.<br \/>\n                                        2022<\/p>\n<h3>\n                                        50+ Branches                                    <\/h3>\n<p>                                    We cross industries and provide services to almost every business either as a co-managed or supplemental asset.<br \/>\n                                        2023<\/p>\n<h3>\n                                        100+ Branches                                    <\/h3>\n<p>                                    Whether providing consulting expertise on a specific vendor technology, strategizing on IT budget, providing a security.<br \/>\n                                        2024<\/p>\n<h3>\n                                        Get Award                                    <\/h3>\n<p>                                    Our people are held to the highest level accountability to ensure you are always satisfied with your results.<\/p>\n","protected":false},"excerpt":{"rendered":"<p>\u00dcber Uns GRC German-Resources-Company GmbH GRC German Resources Company GmbH ist ein Gewerbeunternehmen und wurde in Deutschland, in Frankfurt gegr\u00fcndet. Neben den j\u00e4hrlich stattfindenden Messen und Veranstaltungen, wie die Buchmesse, Frankfurter Automobilausstellung, die globale Konsumg\u00fcter- und Textilindustrie, usw. gilt Frankfurt am Main mit der Europ\u00e4ischen Zentralbank und anderen Beh\u00f6rden der Europ\u00e4ischen Union als Wirtschaftshauptstadt Deutschlands [&hellip;]<\/p>\n","protected":false},"author":1,"featured_media":0,"parent":0,"menu_order":0,"comment_status":"closed","ping_status":"closed","template":"","meta":{"footnotes":""},"class_list":["post-33","page","type-page","status-publish","hentry"],"yoast_head":"<!-- This site is optimized with the Yoast SEO plugin v27.4 - https:\/\/yoast.com\/product\/yoast-seo-wordpress\/ -->\n<title>\u00dcber uns - GRC German Resources Company GmbH<\/title>\n<meta name=\"robots\" content=\"index, follow, max-snippet:-1, max-image-preview:large, max-video-preview:-1\" \/>\n<link rel=\"canonical\" href=\"https:\/\/german-resources-company.com\/?page_id=33\" \/>\n<meta property=\"og:locale\" content=\"en_US\" \/>\n<meta property=\"og:type\" content=\"article\" \/>\n<meta property=\"og:title\" content=\"\u00dcber uns - GRC German Resources Company GmbH\" \/>\n<meta property=\"og:description\" content=\"\u00dcber Uns GRC German-Resources-Company GmbH GRC German Resources Company GmbH ist ein Gewerbeunternehmen und wurde in Deutschland, in Frankfurt gegr\u00fcndet. Neben den j\u00e4hrlich stattfindenden Messen und Veranstaltungen, wie die Buchmesse, Frankfurter Automobilausstellung, die globale Konsumg\u00fcter- und Textilindustrie, usw. gilt Frankfurt am Main mit der Europ\u00e4ischen Zentralbank und anderen Beh\u00f6rden der Europ\u00e4ischen Union als Wirtschaftshauptstadt Deutschlands [&hellip;]\" \/>\n<meta property=\"og:url\" content=\"https:\/\/german-resources-company.com\/?page_id=33\" \/>\n<meta property=\"og:site_name\" content=\"GRC German Resources Company GmbH\" \/>\n<meta property=\"article:publisher\" content=\"https:\/\/www.facebook.com\/grc.arabic\" \/>\n<meta property=\"article:modified_time\" content=\"2024-04-03T19:14:20+00:00\" \/>\n<meta property=\"og:image\" content=\"https:\/\/german-resources-company.com\/wp-content\/uploads\/2024\/03\/Untitled-design.png\" \/>\n<meta name=\"twitter:card\" content=\"summary_large_image\" \/>\n<meta name=\"twitter:label1\" content=\"Est. reading time\" \/>\n\t<meta name=\"twitter:data1\" content=\"2 minutes\" \/>\n<script type=\"application\/ld+json\" class=\"yoast-schema-graph\">{\"@context\":\"https:\\\/\\\/schema.org\",\"@graph\":[{\"@type\":\"WebPage\",\"@id\":\"https:\\\/\\\/german-resources-company.com\\\/?page_id=33\",\"url\":\"https:\\\/\\\/german-resources-company.com\\\/?page_id=33\",\"name\":\"\u00dcber uns - GRC German Resources Company GmbH\",\"isPartOf\":{\"@id\":\"https:\\\/\\\/german-resources-company.com\\\/#website\"},\"primaryImageOfPage\":{\"@id\":\"https:\\\/\\\/german-resources-company.com\\\/?page_id=33#primaryimage\"},\"image\":{\"@id\":\"https:\\\/\\\/german-resources-company.com\\\/?page_id=33#primaryimage\"},\"thumbnailUrl\":\"https:\\\/\\\/german-resources-company.com\\\/wp-content\\\/uploads\\\/2024\\\/03\\\/Untitled-design.png\",\"datePublished\":\"2021-09-23T03:28:10+00:00\",\"dateModified\":\"2024-04-03T19:14:20+00:00\",\"breadcrumb\":{\"@id\":\"https:\\\/\\\/german-resources-company.com\\\/?page_id=33#breadcrumb\"},\"inLanguage\":\"en-US\",\"potentialAction\":[{\"@type\":\"ReadAction\",\"target\":[\"https:\\\/\\\/german-resources-company.com\\\/?page_id=33\"]}]},{\"@type\":\"ImageObject\",\"inLanguage\":\"en-US\",\"@id\":\"https:\\\/\\\/german-resources-company.com\\\/?page_id=33#primaryimage\",\"url\":\"https:\\\/\\\/german-resources-company.com\\\/wp-content\\\/uploads\\\/2024\\\/03\\\/Untitled-design.png\",\"contentUrl\":\"https:\\\/\\\/german-resources-company.com\\\/wp-content\\\/uploads\\\/2024\\\/03\\\/Untitled-design.png\",\"width\":718,\"height\":1028},{\"@type\":\"BreadcrumbList\",\"@id\":\"https:\\\/\\\/german-resources-company.com\\\/?page_id=33#breadcrumb\",\"itemListElement\":[{\"@type\":\"ListItem\",\"position\":1,\"name\":\"Startseite\",\"item\":\"https:\\\/\\\/german-resources-company.com\\\/\"},{\"@type\":\"ListItem\",\"position\":2,\"name\":\"\u00dcber uns\"}]},{\"@type\":\"WebSite\",\"@id\":\"https:\\\/\\\/german-resources-company.com\\\/#website\",\"url\":\"https:\\\/\\\/german-resources-company.com\\\/\",\"name\":\"\u0645\u062c\u0645\u0648\u0639\u0629 GRC\",\"description\":\"F\u00fcr Personalwesen, Studien- und Handelsdienstleistungen\",\"publisher\":{\"@id\":\"https:\\\/\\\/german-resources-company.com\\\/#organization\"},\"potentialAction\":[{\"@type\":\"SearchAction\",\"target\":{\"@type\":\"EntryPoint\",\"urlTemplate\":\"https:\\\/\\\/german-resources-company.com\\\/?s={search_term_string}\"},\"query-input\":{\"@type\":\"PropertyValueSpecification\",\"valueRequired\":true,\"valueName\":\"search_term_string\"}}],\"inLanguage\":\"en-US\"},{\"@type\":\"Organization\",\"@id\":\"https:\\\/\\\/german-resources-company.com\\\/#organization\",\"name\":\"GRC German Resources Company GmbH\",\"url\":\"https:\\\/\\\/german-resources-company.com\\\/\",\"logo\":{\"@type\":\"ImageObject\",\"inLanguage\":\"en-US\",\"@id\":\"https:\\\/\\\/german-resources-company.com\\\/#\\\/schema\\\/logo\\\/image\\\/\",\"url\":\"https:\\\/\\\/german-resources-company.com\\\/wp-content\\\/uploads\\\/2021\\\/11\\\/logo-grc-new-ritena.png\",\"contentUrl\":\"https:\\\/\\\/german-resources-company.com\\\/wp-content\\\/uploads\\\/2021\\\/11\\\/logo-grc-new-ritena.png\",\"width\":300,\"height\":172,\"caption\":\"GRC German Resources Company GmbH\"},\"image\":{\"@id\":\"https:\\\/\\\/german-resources-company.com\\\/#\\\/schema\\\/logo\\\/image\\\/\"},\"sameAs\":[\"https:\\\/\\\/www.facebook.com\\\/grc.arabic\",\"https:\\\/\\\/www.youtube.com\\\/channel\\\/UC3karsNFNxkYH4OoeBdU3Ag\"]}]}<\/script>\n<!-- \/ Yoast SEO plugin. -->","yoast_head_json":{"title":"\u00dcber uns - GRC German Resources Company GmbH","robots":{"index":"index","follow":"follow","max-snippet":"max-snippet:-1","max-image-preview":"max-image-preview:large","max-video-preview":"max-video-preview:-1"},"canonical":"https:\/\/german-resources-company.com\/?page_id=33","og_locale":"en_US","og_type":"article","og_title":"\u00dcber uns - GRC German Resources Company GmbH","og_description":"\u00dcber Uns GRC German-Resources-Company GmbH GRC German Resources Company GmbH ist ein Gewerbeunternehmen und wurde in Deutschland, in Frankfurt gegr\u00fcndet. Neben den j\u00e4hrlich stattfindenden Messen und Veranstaltungen, wie die Buchmesse, Frankfurter Automobilausstellung, die globale Konsumg\u00fcter- und Textilindustrie, usw. gilt Frankfurt am Main mit der Europ\u00e4ischen Zentralbank und anderen Beh\u00f6rden der Europ\u00e4ischen Union als Wirtschaftshauptstadt Deutschlands [&hellip;]","og_url":"https:\/\/german-resources-company.com\/?page_id=33","og_site_name":"GRC German Resources Company GmbH","article_publisher":"https:\/\/www.facebook.com\/grc.arabic","article_modified_time":"2024-04-03T19:14:20+00:00","og_image":[{"url":"https:\/\/german-resources-company.com\/wp-content\/uploads\/2024\/03\/Untitled-design.png","type":"","width":"","height":""}],"twitter_card":"summary_large_image","twitter_misc":{"Est. reading time":"2 minutes"},"schema":{"@context":"https:\/\/schema.org","@graph":[{"@type":"WebPage","@id":"https:\/\/german-resources-company.com\/?page_id=33","url":"https:\/\/german-resources-company.com\/?page_id=33","name":"\u00dcber uns - GRC German Resources Company GmbH","isPartOf":{"@id":"https:\/\/german-resources-company.com\/#website"},"primaryImageOfPage":{"@id":"https:\/\/german-resources-company.com\/?page_id=33#primaryimage"},"image":{"@id":"https:\/\/german-resources-company.com\/?page_id=33#primaryimage"},"thumbnailUrl":"https:\/\/german-resources-company.com\/wp-content\/uploads\/2024\/03\/Untitled-design.png","datePublished":"2021-09-23T03:28:10+00:00","dateModified":"2024-04-03T19:14:20+00:00","breadcrumb":{"@id":"https:\/\/german-resources-company.com\/?page_id=33#breadcrumb"},"inLanguage":"en-US","potentialAction":[{"@type":"ReadAction","target":["https:\/\/german-resources-company.com\/?page_id=33"]}]},{"@type":"ImageObject","inLanguage":"en-US","@id":"https:\/\/german-resources-company.com\/?page_id=33#primaryimage","url":"https:\/\/german-resources-company.com\/wp-content\/uploads\/2024\/03\/Untitled-design.png","contentUrl":"https:\/\/german-resources-company.com\/wp-content\/uploads\/2024\/03\/Untitled-design.png","width":718,"height":1028},{"@type":"BreadcrumbList","@id":"https:\/\/german-resources-company.com\/?page_id=33#breadcrumb","itemListElement":[{"@type":"ListItem","position":1,"name":"Startseite","item":"https:\/\/german-resources-company.com\/"},{"@type":"ListItem","position":2,"name":"\u00dcber uns"}]},{"@type":"WebSite","@id":"https:\/\/german-resources-company.com\/#website","url":"https:\/\/german-resources-company.com\/","name":"\u0645\u062c\u0645\u0648\u0639\u0629 GRC","description":"F\u00fcr Personalwesen, Studien- und Handelsdienstleistungen","publisher":{"@id":"https:\/\/german-resources-company.com\/#organization"},"potentialAction":[{"@type":"SearchAction","target":{"@type":"EntryPoint","urlTemplate":"https:\/\/german-resources-company.com\/?s={search_term_string}"},"query-input":{"@type":"PropertyValueSpecification","valueRequired":true,"valueName":"search_term_string"}}],"inLanguage":"en-US"},{"@type":"Organization","@id":"https:\/\/german-resources-company.com\/#organization","name":"GRC German Resources Company GmbH","url":"https:\/\/german-resources-company.com\/","logo":{"@type":"ImageObject","inLanguage":"en-US","@id":"https:\/\/german-resources-company.com\/#\/schema\/logo\/image\/","url":"https:\/\/german-resources-company.com\/wp-content\/uploads\/2021\/11\/logo-grc-new-ritena.png","contentUrl":"https:\/\/german-resources-company.com\/wp-content\/uploads\/2021\/11\/logo-grc-new-ritena.png","width":300,"height":172,"caption":"GRC German Resources Company GmbH"},"image":{"@id":"https:\/\/german-resources-company.com\/#\/schema\/logo\/image\/"},"sameAs":["https:\/\/www.facebook.com\/grc.arabic","https:\/\/www.youtube.com\/channel\/UC3karsNFNxkYH4OoeBdU3Ag"]}]}},"_links":{"self":[{"href":"https:\/\/german-resources-company.com\/index.php?rest_route=\/wp\/v2\/pages\/33","targetHints":{"allow":["GET"]}}],"collection":[{"href":"https:\/\/german-resources-company.com\/index.php?rest_route=\/wp\/v2\/pages"}],"about":[{"href":"https:\/\/german-resources-company.com\/index.php?rest_route=\/wp\/v2\/types\/page"}],"author":[{"embeddable":true,"href":"https:\/\/german-resources-company.com\/index.php?rest_route=\/wp\/v2\/users\/1"}],"replies":[{"embeddable":true,"href":"https:\/\/german-resources-company.com\/index.php?rest_route=%2Fwp%2Fv2%2Fcomments&post=33"}],"version-history":[{"count":19,"href":"https:\/\/german-resources-company.com\/index.php?rest_route=\/wp\/v2\/pages\/33\/revisions"}],"predecessor-version":[{"id":10775,"href":"https:\/\/german-resources-company.com\/index.php?rest_route=\/wp\/v2\/pages\/33\/revisions\/10775"}],"wp:attachment":[{"href":"https:\/\/german-resources-company.com\/index.php?rest_route=%2Fwp%2Fv2%2Fmedia&parent=33"}],"curies":[{"name":"wp","href":"https:\/\/api.w.org\/{rel}","templated":true}]}}