{"id":1800,"date":"2021-11-24T09:55:11","date_gmt":"2021-11-24T09:55:11","guid":{"rendered":"https:\/\/g-r-company.com\/?page_id=1800"},"modified":"2024-05-07T19:32:09","modified_gmt":"2024-05-07T19:32:09","slug":"projektabteilung","status":"publish","type":"page","link":"https:\/\/german-resources-company.com\/?page_id=1800","title":{"rendered":"Projektabteilung"},"content":{"rendered":"\t\t<div data-elementor-type=\"wp-page\" data-elementor-id=\"1800\" class=\"elementor elementor-1800\">\n\t\t\t\t<div class=\"elementor-element elementor-element-9908397 e-flex e-con-boxed e-con e-parent\" data-id=\"9908397\" data-element_type=\"container\" data-e-type=\"container\">\n\t\t\t\t\t<div class=\"e-con-inner\">\n\t\t\t\t\t<\/div>\n\t\t\t\t<\/div>\n\t\t<div class=\"elementor-element elementor-element-1d2ce2c e-flex e-con-boxed e-con e-parent\" data-id=\"1d2ce2c\" data-element_type=\"container\" data-e-type=\"container\">\n\t\t\t\t\t<div class=\"e-con-inner\">\n\t\t<div class=\"elementor-element elementor-element-d78645f e-con-full e-flex e-con e-child\" data-id=\"d78645f\" data-element_type=\"container\" data-e-type=\"container\">\n\t\t<div class=\"elementor-element elementor-element-9239bf5 e-grid e-con-boxed e-con e-child\" data-id=\"9239bf5\" data-element_type=\"container\" data-e-type=\"container\">\n\t\t\t\t\t<div class=\"e-con-inner\">\n\t\t\t\t<div class=\"elementor-element elementor-element-8681c9b elementor-invisible elementor-widget elementor-widget-heading\" data-id=\"8681c9b\" data-element_type=\"widget\" data-e-type=\"widget\" data-settings=\"{&quot;_animation&quot;:&quot;fadeInUp&quot;}\" data-widget_type=\"heading.default\">\n\t\t\t\t<div class=\"elementor-widget-container\">\n\t\t\t\t\t<h2 class=\"elementor-heading-title elementor-size-default\">Projektentwicklung:<\/h2>\t\t\t\t<\/div>\n\t\t\t\t<\/div>\n\t\t\t\t\t<\/div>\n\t\t\t\t<\/div>\n\t\t\t\t<\/div>\n\t\t<div class=\"elementor-element elementor-element-f5f3807 e-con-full e-flex e-con e-child\" data-id=\"f5f3807\" data-element_type=\"container\" data-e-type=\"container\">\n\t\t\t\t<div class=\"elementor-element elementor-element-dfde7e3 elementor-invisible elementor-widget elementor-widget-image\" data-id=\"dfde7e3\" data-element_type=\"widget\" data-e-type=\"widget\" data-settings=\"{&quot;_animation&quot;:&quot;fadeInUp&quot;}\" data-widget_type=\"image.default\">\n\t\t\t\t<div class=\"elementor-widget-container\">\n\t\t\t\t\t\t\t\t\t\t\t\t\t\t\t<img fetchpriority=\"high\" decoding=\"async\" width=\"640\" height=\"640\" src=\"https:\/\/german-resources-company.com\/wp-content\/uploads\/2024\/03\/479b5eda-03ae-4982-a3ca-27d52d085f0e.jpg\" class=\"attachment-large size-large wp-image-10242\" alt=\"\" srcset=\"https:\/\/german-resources-company.com\/wp-content\/uploads\/2024\/03\/479b5eda-03ae-4982-a3ca-27d52d085f0e.jpg 1024w, https:\/\/german-resources-company.com\/wp-content\/uploads\/2024\/03\/479b5eda-03ae-4982-a3ca-27d52d085f0e-300x300.jpg 300w, https:\/\/german-resources-company.com\/wp-content\/uploads\/2024\/03\/479b5eda-03ae-4982-a3ca-27d52d085f0e-150x150.jpg 150w, https:\/\/german-resources-company.com\/wp-content\/uploads\/2024\/03\/479b5eda-03ae-4982-a3ca-27d52d085f0e-768x768.jpg 768w, https:\/\/german-resources-company.com\/wp-content\/uploads\/2024\/03\/479b5eda-03ae-4982-a3ca-27d52d085f0e-90x90.jpg 90w, https:\/\/german-resources-company.com\/wp-content\/uploads\/2024\/03\/479b5eda-03ae-4982-a3ca-27d52d085f0e-500x500.jpg 500w, https:\/\/german-resources-company.com\/wp-content\/uploads\/2024\/03\/479b5eda-03ae-4982-a3ca-27d52d085f0e-700x700.jpg 700w\" sizes=\"(max-width: 640px) 100vw, 640px\" \/>\t\t\t\t\t\t\t\t\t\t\t\t\t\t\t<\/div>\n\t\t\t\t<\/div>\n\t\t\t\t<\/div>\n\t\t<div class=\"elementor-element elementor-element-3c5c803 e-con-full e-flex e-con e-child\" data-id=\"3c5c803\" data-element_type=\"container\" data-e-type=\"container\">\n\t\t\t\t<div class=\"elementor-element elementor-element-d1e4b8c elementor-invisible elementor-widget elementor-widget-image\" data-id=\"d1e4b8c\" data-element_type=\"widget\" data-e-type=\"widget\" data-settings=\"{&quot;_animation&quot;:&quot;fadeInUp&quot;}\" data-widget_type=\"image.default\">\n\t\t\t\t<div class=\"elementor-widget-container\">\n\t\t\t\t\t\t\t\t\t\t\t\t\t\t\t<img decoding=\"async\" width=\"640\" height=\"640\" src=\"https:\/\/german-resources-company.com\/wp-content\/uploads\/2024\/03\/d3b447fc-4f9e-40ba-94f1-fa709c2014fc.jpg\" class=\"attachment-large size-large wp-image-10243\" alt=\"\" srcset=\"https:\/\/german-resources-company.com\/wp-content\/uploads\/2024\/03\/d3b447fc-4f9e-40ba-94f1-fa709c2014fc.jpg 1024w, https:\/\/german-resources-company.com\/wp-content\/uploads\/2024\/03\/d3b447fc-4f9e-40ba-94f1-fa709c2014fc-300x300.jpg 300w, https:\/\/german-resources-company.com\/wp-content\/uploads\/2024\/03\/d3b447fc-4f9e-40ba-94f1-fa709c2014fc-150x150.jpg 150w, https:\/\/german-resources-company.com\/wp-content\/uploads\/2024\/03\/d3b447fc-4f9e-40ba-94f1-fa709c2014fc-768x768.jpg 768w, https:\/\/german-resources-company.com\/wp-content\/uploads\/2024\/03\/d3b447fc-4f9e-40ba-94f1-fa709c2014fc-90x90.jpg 90w, https:\/\/german-resources-company.com\/wp-content\/uploads\/2024\/03\/d3b447fc-4f9e-40ba-94f1-fa709c2014fc-500x500.jpg 500w, https:\/\/german-resources-company.com\/wp-content\/uploads\/2024\/03\/d3b447fc-4f9e-40ba-94f1-fa709c2014fc-700x700.jpg 700w\" sizes=\"(max-width: 640px) 100vw, 640px\" \/>\t\t\t\t\t\t\t\t\t\t\t\t\t\t\t<\/div>\n\t\t\t\t<\/div>\n\t\t\t\t<\/div>\n\t\t<div class=\"elementor-element elementor-element-8487049 e-con-full e-flex e-con e-child\" data-id=\"8487049\" data-element_type=\"container\" data-e-type=\"container\">\n\t\t<div class=\"elementor-element elementor-element-9fd4f7d e-grid e-con-boxed e-con e-child\" data-id=\"9fd4f7d\" data-element_type=\"container\" data-e-type=\"container\">\n\t\t\t\t\t<div class=\"e-con-inner\">\n\t\t\t\t<div class=\"elementor-element elementor-element-ed7bb3a elementor-invisible elementor-widget elementor-widget-heading\" data-id=\"ed7bb3a\" data-element_type=\"widget\" data-e-type=\"widget\" data-settings=\"{&quot;_animation&quot;:&quot;fadeInUp&quot;}\" data-widget_type=\"heading.default\">\n\t\t\t\t<div class=\"elementor-widget-container\">\n\t\t\t\t\t<h2 class=\"elementor-heading-title elementor-size-default\">Projektmanagement<\/h2>\t\t\t\t<\/div>\n\t\t\t\t<\/div>\n\t\t\t\t\t<\/div>\n\t\t\t\t<\/div>\n\t\t\t\t<\/div>\n\t\t\t\t\t<\/div>\n\t\t\t\t<\/div>\n\t\t\t\t<\/div>\n\t\t","protected":false},"excerpt":{"rendered":"<p>Einleitung: Durch diesen Service will die GRC German-Resources-Company GmbH ihr Fachwissen in der Projektentwicklung und im Projektmanagement zur Verf\u00fcgung stellen, um Projektbesitzern und Unternehmen strategische Pl\u00e4ne bereitzustellen, wodurch Unternehmen auf dem Markt, in den sie eintreten, stark konkurrieren k\u00f6nnen. Projektentwicklung: Die Vision GRC&nbsp;German-Resources-Company&nbsp;&nbsp;GmbH will ein Pionier bei der Unterst\u00fctzung und Entwicklung gro\u00dfer, mittlerer, kleiner und [&hellip;]<\/p>\n","protected":false},"author":1,"featured_media":0,"parent":0,"menu_order":0,"comment_status":"closed","ping_status":"closed","template":"","meta":{"footnotes":""},"class_list":["post-1800","page","type-page","status-publish","hentry"],"yoast_head":"<!-- This site is optimized with the Yoast SEO plugin v27.4 - https:\/\/yoast.com\/product\/yoast-seo-wordpress\/ -->\n<title>Projektabteilung - GRC German Resources Company GmbH<\/title>\n<meta name=\"description\" content=\"\u062a\u0645\u0647\u064a\u062f \u0642\u0633\u0645 \u0627\u0644\u0645\u0634\u0627\u0631\u064a\u0639: \u062a\u0633\u0639\u0649 \u0627\u0644\u0634\u0631\u0643\u0629 \u0627\u0644\u0623\u0644\u0645\u0627\u0646\u064a\u0629 \u0645\u0646 \u062e\u0644\u0627\u0644 \u0647\u0630\u0647 \u0627\u0644\u062e\u062f\u0645\u0629 \u0625\u0644\u0649 \u062a\u0642\u062f\u064a\u0645 \u062e\u0628\u0631\u062a\u0647\u0627 \u0641\u064a \u062a\u0637\u0648\u064a\u0631 \u0627\u0644\u0645\u0634\u0627\u0631\u064a\u0639 \u0648\u0625\u062f\u0627\u0631\u062a\u0647\u0627 \u0625\u0644\u0649 \u062a\u0642\u062f\u064a\u0645 \u0627\u0644\u062e\u0637\u0637 \u0627\u0644\u0627\u0633\u062a\u0631\u0627\u062a\u064a\u062c\u064a\u0629\" \/>\n<meta name=\"robots\" content=\"index, follow, max-snippet:-1, max-image-preview:large, max-video-preview:-1\" \/>\n<link rel=\"canonical\" href=\"https:\/\/german-resources-company.com\/?page_id=1800\" \/>\n<meta property=\"og:locale\" content=\"en_US\" \/>\n<meta property=\"og:type\" content=\"article\" \/>\n<meta property=\"og:title\" content=\"Projektabteilung - GRC German Resources Company GmbH\" \/>\n<meta property=\"og:description\" content=\"\u062a\u0645\u0647\u064a\u062f \u0642\u0633\u0645 \u0627\u0644\u0645\u0634\u0627\u0631\u064a\u0639: \u062a\u0633\u0639\u0649 \u0627\u0644\u0634\u0631\u0643\u0629 \u0627\u0644\u0623\u0644\u0645\u0627\u0646\u064a\u0629 \u0645\u0646 \u062e\u0644\u0627\u0644 \u0647\u0630\u0647 \u0627\u0644\u062e\u062f\u0645\u0629 \u0625\u0644\u0649 \u062a\u0642\u062f\u064a\u0645 \u062e\u0628\u0631\u062a\u0647\u0627 \u0641\u064a \u062a\u0637\u0648\u064a\u0631 \u0627\u0644\u0645\u0634\u0627\u0631\u064a\u0639 \u0648\u0625\u062f\u0627\u0631\u062a\u0647\u0627 \u0625\u0644\u0649 \u062a\u0642\u062f\u064a\u0645 \u0627\u0644\u062e\u0637\u0637 \u0627\u0644\u0627\u0633\u062a\u0631\u0627\u062a\u064a\u062c\u064a\u0629\" \/>\n<meta property=\"og:url\" content=\"https:\/\/german-resources-company.com\/?page_id=1800\" \/>\n<meta property=\"og:site_name\" content=\"GRC German Resources Company GmbH\" \/>\n<meta property=\"article:publisher\" content=\"https:\/\/www.facebook.com\/grc.arabic\" \/>\n<meta property=\"article:modified_time\" content=\"2024-05-07T19:32:09+00:00\" \/>\n<meta property=\"og:image\" content=\"https:\/\/german-resources-company.com\/wp-content\/uploads\/2024\/03\/479b5eda-03ae-4982-a3ca-27d52d085f0e.jpg\" \/>\n<meta name=\"twitter:card\" content=\"summary_large_image\" \/>\n<meta name=\"twitter:label1\" content=\"Est. reading time\" \/>\n\t<meta name=\"twitter:data1\" content=\"4 minutes\" \/>\n<script type=\"application\/ld+json\" class=\"yoast-schema-graph\">{\"@context\":\"https:\\\/\\\/schema.org\",\"@graph\":[{\"@type\":\"WebPage\",\"@id\":\"https:\\\/\\\/german-resources-company.com\\\/?page_id=1800\",\"url\":\"https:\\\/\\\/german-resources-company.com\\\/?page_id=1800\",\"name\":\"Projektabteilung - GRC German Resources Company GmbH\",\"isPartOf\":{\"@id\":\"https:\\\/\\\/german-resources-company.com\\\/#website\"},\"primaryImageOfPage\":{\"@id\":\"https:\\\/\\\/german-resources-company.com\\\/?page_id=1800#primaryimage\"},\"image\":{\"@id\":\"https:\\\/\\\/german-resources-company.com\\\/?page_id=1800#primaryimage\"},\"thumbnailUrl\":\"https:\\\/\\\/german-resources-company.com\\\/wp-content\\\/uploads\\\/2024\\\/03\\\/479b5eda-03ae-4982-a3ca-27d52d085f0e.jpg\",\"datePublished\":\"2021-11-24T09:55:11+00:00\",\"dateModified\":\"2024-05-07T19:32:09+00:00\",\"description\":\"\u062a\u0645\u0647\u064a\u062f \u0642\u0633\u0645 \u0627\u0644\u0645\u0634\u0627\u0631\u064a\u0639: \u062a\u0633\u0639\u0649 \u0627\u0644\u0634\u0631\u0643\u0629 \u0627\u0644\u0623\u0644\u0645\u0627\u0646\u064a\u0629 \u0645\u0646 \u062e\u0644\u0627\u0644 \u0647\u0630\u0647 \u0627\u0644\u062e\u062f\u0645\u0629 \u0625\u0644\u0649 \u062a\u0642\u062f\u064a\u0645 \u062e\u0628\u0631\u062a\u0647\u0627 \u0641\u064a \u062a\u0637\u0648\u064a\u0631 \u0627\u0644\u0645\u0634\u0627\u0631\u064a\u0639 \u0648\u0625\u062f\u0627\u0631\u062a\u0647\u0627 \u0625\u0644\u0649 \u062a\u0642\u062f\u064a\u0645 \u0627\u0644\u062e\u0637\u0637 \u0627\u0644\u0627\u0633\u062a\u0631\u0627\u062a\u064a\u062c\u064a\u0629\",\"breadcrumb\":{\"@id\":\"https:\\\/\\\/german-resources-company.com\\\/?page_id=1800#breadcrumb\"},\"inLanguage\":\"en-US\",\"potentialAction\":[{\"@type\":\"ReadAction\",\"target\":[\"https:\\\/\\\/german-resources-company.com\\\/?page_id=1800\"]}]},{\"@type\":\"ImageObject\",\"inLanguage\":\"en-US\",\"@id\":\"https:\\\/\\\/german-resources-company.com\\\/?page_id=1800#primaryimage\",\"url\":\"https:\\\/\\\/german-resources-company.com\\\/wp-content\\\/uploads\\\/2024\\\/03\\\/479b5eda-03ae-4982-a3ca-27d52d085f0e.jpg\",\"contentUrl\":\"https:\\\/\\\/german-resources-company.com\\\/wp-content\\\/uploads\\\/2024\\\/03\\\/479b5eda-03ae-4982-a3ca-27d52d085f0e.jpg\",\"width\":1024,\"height\":1024},{\"@type\":\"BreadcrumbList\",\"@id\":\"https:\\\/\\\/german-resources-company.com\\\/?page_id=1800#breadcrumb\",\"itemListElement\":[{\"@type\":\"ListItem\",\"position\":1,\"name\":\"Startseite\",\"item\":\"https:\\\/\\\/german-resources-company.com\\\/\"},{\"@type\":\"ListItem\",\"position\":2,\"name\":\"Projektabteilung\"}]},{\"@type\":\"WebSite\",\"@id\":\"https:\\\/\\\/german-resources-company.com\\\/#website\",\"url\":\"https:\\\/\\\/german-resources-company.com\\\/\",\"name\":\"\u0645\u062c\u0645\u0648\u0639\u0629 GRC\",\"description\":\"F\u00fcr Personalwesen, Studien- und Handelsdienstleistungen\",\"publisher\":{\"@id\":\"https:\\\/\\\/german-resources-company.com\\\/#organization\"},\"potentialAction\":[{\"@type\":\"SearchAction\",\"target\":{\"@type\":\"EntryPoint\",\"urlTemplate\":\"https:\\\/\\\/german-resources-company.com\\\/?s={search_term_string}\"},\"query-input\":{\"@type\":\"PropertyValueSpecification\",\"valueRequired\":true,\"valueName\":\"search_term_string\"}}],\"inLanguage\":\"en-US\"},{\"@type\":\"Organization\",\"@id\":\"https:\\\/\\\/german-resources-company.com\\\/#organization\",\"name\":\"GRC German Resources Company GmbH\",\"url\":\"https:\\\/\\\/german-resources-company.com\\\/\",\"logo\":{\"@type\":\"ImageObject\",\"inLanguage\":\"en-US\",\"@id\":\"https:\\\/\\\/german-resources-company.com\\\/#\\\/schema\\\/logo\\\/image\\\/\",\"url\":\"https:\\\/\\\/german-resources-company.com\\\/wp-content\\\/uploads\\\/2021\\\/11\\\/logo-grc-new-ritena.png\",\"contentUrl\":\"https:\\\/\\\/german-resources-company.com\\\/wp-content\\\/uploads\\\/2021\\\/11\\\/logo-grc-new-ritena.png\",\"width\":300,\"height\":172,\"caption\":\"GRC German Resources Company GmbH\"},\"image\":{\"@id\":\"https:\\\/\\\/german-resources-company.com\\\/#\\\/schema\\\/logo\\\/image\\\/\"},\"sameAs\":[\"https:\\\/\\\/www.facebook.com\\\/grc.arabic\",\"https:\\\/\\\/www.youtube.com\\\/channel\\\/UC3karsNFNxkYH4OoeBdU3Ag\"]}]}<\/script>\n<!-- \/ Yoast SEO plugin. -->","yoast_head_json":{"title":"Projektabteilung - GRC German Resources Company GmbH","description":"\u062a\u0645\u0647\u064a\u062f \u0642\u0633\u0645 \u0627\u0644\u0645\u0634\u0627\u0631\u064a\u0639: \u062a\u0633\u0639\u0649 \u0627\u0644\u0634\u0631\u0643\u0629 \u0627\u0644\u0623\u0644\u0645\u0627\u0646\u064a\u0629 \u0645\u0646 \u062e\u0644\u0627\u0644 \u0647\u0630\u0647 \u0627\u0644\u062e\u062f\u0645\u0629 \u0625\u0644\u0649 \u062a\u0642\u062f\u064a\u0645 \u062e\u0628\u0631\u062a\u0647\u0627 \u0641\u064a \u062a\u0637\u0648\u064a\u0631 \u0627\u0644\u0645\u0634\u0627\u0631\u064a\u0639 \u0648\u0625\u062f\u0627\u0631\u062a\u0647\u0627 \u0625\u0644\u0649 \u062a\u0642\u062f\u064a\u0645 \u0627\u0644\u062e\u0637\u0637 \u0627\u0644\u0627\u0633\u062a\u0631\u0627\u062a\u064a\u062c\u064a\u0629","robots":{"index":"index","follow":"follow","max-snippet":"max-snippet:-1","max-image-preview":"max-image-preview:large","max-video-preview":"max-video-preview:-1"},"canonical":"https:\/\/german-resources-company.com\/?page_id=1800","og_locale":"en_US","og_type":"article","og_title":"Projektabteilung - GRC German Resources Company GmbH","og_description":"\u062a\u0645\u0647\u064a\u062f \u0642\u0633\u0645 \u0627\u0644\u0645\u0634\u0627\u0631\u064a\u0639: \u062a\u0633\u0639\u0649 \u0627\u0644\u0634\u0631\u0643\u0629 \u0627\u0644\u0623\u0644\u0645\u0627\u0646\u064a\u0629 \u0645\u0646 \u062e\u0644\u0627\u0644 \u0647\u0630\u0647 \u0627\u0644\u062e\u062f\u0645\u0629 \u0625\u0644\u0649 \u062a\u0642\u062f\u064a\u0645 \u062e\u0628\u0631\u062a\u0647\u0627 \u0641\u064a \u062a\u0637\u0648\u064a\u0631 \u0627\u0644\u0645\u0634\u0627\u0631\u064a\u0639 \u0648\u0625\u062f\u0627\u0631\u062a\u0647\u0627 \u0625\u0644\u0649 \u062a\u0642\u062f\u064a\u0645 \u0627\u0644\u062e\u0637\u0637 \u0627\u0644\u0627\u0633\u062a\u0631\u0627\u062a\u064a\u062c\u064a\u0629","og_url":"https:\/\/german-resources-company.com\/?page_id=1800","og_site_name":"GRC German Resources Company GmbH","article_publisher":"https:\/\/www.facebook.com\/grc.arabic","article_modified_time":"2024-05-07T19:32:09+00:00","og_image":[{"url":"https:\/\/german-resources-company.com\/wp-content\/uploads\/2024\/03\/479b5eda-03ae-4982-a3ca-27d52d085f0e.jpg","type":"","width":"","height":""}],"twitter_card":"summary_large_image","twitter_misc":{"Est. reading time":"4 minutes"},"schema":{"@context":"https:\/\/schema.org","@graph":[{"@type":"WebPage","@id":"https:\/\/german-resources-company.com\/?page_id=1800","url":"https:\/\/german-resources-company.com\/?page_id=1800","name":"Projektabteilung - GRC German Resources Company GmbH","isPartOf":{"@id":"https:\/\/german-resources-company.com\/#website"},"primaryImageOfPage":{"@id":"https:\/\/german-resources-company.com\/?page_id=1800#primaryimage"},"image":{"@id":"https:\/\/german-resources-company.com\/?page_id=1800#primaryimage"},"thumbnailUrl":"https:\/\/german-resources-company.com\/wp-content\/uploads\/2024\/03\/479b5eda-03ae-4982-a3ca-27d52d085f0e.jpg","datePublished":"2021-11-24T09:55:11+00:00","dateModified":"2024-05-07T19:32:09+00:00","description":"\u062a\u0645\u0647\u064a\u062f \u0642\u0633\u0645 \u0627\u0644\u0645\u0634\u0627\u0631\u064a\u0639: \u062a\u0633\u0639\u0649 \u0627\u0644\u0634\u0631\u0643\u0629 \u0627\u0644\u0623\u0644\u0645\u0627\u0646\u064a\u0629 \u0645\u0646 \u062e\u0644\u0627\u0644 \u0647\u0630\u0647 \u0627\u0644\u062e\u062f\u0645\u0629 \u0625\u0644\u0649 \u062a\u0642\u062f\u064a\u0645 \u062e\u0628\u0631\u062a\u0647\u0627 \u0641\u064a \u062a\u0637\u0648\u064a\u0631 \u0627\u0644\u0645\u0634\u0627\u0631\u064a\u0639 \u0648\u0625\u062f\u0627\u0631\u062a\u0647\u0627 \u0625\u0644\u0649 \u062a\u0642\u062f\u064a\u0645 \u0627\u0644\u062e\u0637\u0637 \u0627\u0644\u0627\u0633\u062a\u0631\u0627\u062a\u064a\u062c\u064a\u0629","breadcrumb":{"@id":"https:\/\/german-resources-company.com\/?page_id=1800#breadcrumb"},"inLanguage":"en-US","potentialAction":[{"@type":"ReadAction","target":["https:\/\/german-resources-company.com\/?page_id=1800"]}]},{"@type":"ImageObject","inLanguage":"en-US","@id":"https:\/\/german-resources-company.com\/?page_id=1800#primaryimage","url":"https:\/\/german-resources-company.com\/wp-content\/uploads\/2024\/03\/479b5eda-03ae-4982-a3ca-27d52d085f0e.jpg","contentUrl":"https:\/\/german-resources-company.com\/wp-content\/uploads\/2024\/03\/479b5eda-03ae-4982-a3ca-27d52d085f0e.jpg","width":1024,"height":1024},{"@type":"BreadcrumbList","@id":"https:\/\/german-resources-company.com\/?page_id=1800#breadcrumb","itemListElement":[{"@type":"ListItem","position":1,"name":"Startseite","item":"https:\/\/german-resources-company.com\/"},{"@type":"ListItem","position":2,"name":"Projektabteilung"}]},{"@type":"WebSite","@id":"https:\/\/german-resources-company.com\/#website","url":"https:\/\/german-resources-company.com\/","name":"\u0645\u062c\u0645\u0648\u0639\u0629 GRC","description":"F\u00fcr Personalwesen, Studien- und Handelsdienstleistungen","publisher":{"@id":"https:\/\/german-resources-company.com\/#organization"},"potentialAction":[{"@type":"SearchAction","target":{"@type":"EntryPoint","urlTemplate":"https:\/\/german-resources-company.com\/?s={search_term_string}"},"query-input":{"@type":"PropertyValueSpecification","valueRequired":true,"valueName":"search_term_string"}}],"inLanguage":"en-US"},{"@type":"Organization","@id":"https:\/\/german-resources-company.com\/#organization","name":"GRC German Resources Company GmbH","url":"https:\/\/german-resources-company.com\/","logo":{"@type":"ImageObject","inLanguage":"en-US","@id":"https:\/\/german-resources-company.com\/#\/schema\/logo\/image\/","url":"https:\/\/german-resources-company.com\/wp-content\/uploads\/2021\/11\/logo-grc-new-ritena.png","contentUrl":"https:\/\/german-resources-company.com\/wp-content\/uploads\/2021\/11\/logo-grc-new-ritena.png","width":300,"height":172,"caption":"GRC German Resources Company GmbH"},"image":{"@id":"https:\/\/german-resources-company.com\/#\/schema\/logo\/image\/"},"sameAs":["https:\/\/www.facebook.com\/grc.arabic","https:\/\/www.youtube.com\/channel\/UC3karsNFNxkYH4OoeBdU3Ag"]}]}},"_links":{"self":[{"href":"https:\/\/german-resources-company.com\/index.php?rest_route=\/wp\/v2\/pages\/1800","targetHints":{"allow":["GET"]}}],"collection":[{"href":"https:\/\/german-resources-company.com\/index.php?rest_route=\/wp\/v2\/pages"}],"about":[{"href":"https:\/\/german-resources-company.com\/index.php?rest_route=\/wp\/v2\/types\/page"}],"author":[{"embeddable":true,"href":"https:\/\/german-resources-company.com\/index.php?rest_route=\/wp\/v2\/users\/1"}],"replies":[{"embeddable":true,"href":"https:\/\/german-resources-company.com\/index.php?rest_route=%2Fwp%2Fv2%2Fcomments&post=1800"}],"version-history":[{"count":43,"href":"https:\/\/german-resources-company.com\/index.php?rest_route=\/wp\/v2\/pages\/1800\/revisions"}],"predecessor-version":[{"id":10963,"href":"https:\/\/german-resources-company.com\/index.php?rest_route=\/wp\/v2\/pages\/1800\/revisions\/10963"}],"wp:attachment":[{"href":"https:\/\/german-resources-company.com\/index.php?rest_route=%2Fwp%2Fv2%2Fmedia&parent=1800"}],"curies":[{"name":"wp","href":"https:\/\/api.w.org\/{rel}","templated":true}]}}